{"id":13,"date":"2020-04-12T16:18:18","date_gmt":"2020-04-12T16:18:18","guid":{"rendered":"http:\/\/ttc-straeten.de\/?page_id=13"},"modified":"2026-03-01T15:34:28","modified_gmt":"2026-03-01T15:34:28","slug":"home","status":"publish","type":"page","link":"https:\/\/ttc-straeten.de\/","title":{"rendered":""},"content":{"rendered":"\n<h2 class=\"wp-block-heading has-text-align-center has-text-color\" style=\"color:#006dbe\"><mark style=\"background-color:#0693e3\" class=\"has-inline-color has-white-color\">Herzlich willkommen auf der Internetseite des TTC Straeten 1974 e. V.<\/mark><\/h2>\n\n\n\n<hr class=\"wp-block-separator has-alpha-channel-opacity\"\/>\n\n\n\n<h1 class=\"wp-block-heading has-text-align-center\">Mini-Meisterschaften &#8211; f\u00fcr Kinder bis 12 Jahre<\/h1>\n\n\n\n<div class=\"wp-block-group is-layout-flow wp-block-group-is-layout-flow\"><div class=\"wp-block-group__inner-container\">\n<h2 class=\"wp-block-heading has-text-align-center has-medium-font-size\">Bei unseren Mini-Meisterschaften im letzten Jahr waren wieder viele begeisterte Kinder am Start. <\/h2>\n\n\n\n<h2 class=\"wp-block-heading has-text-align-center has-medium-font-size\">In 2025 fanden die Mini-Meisterschaften am Samstag, den 22. November 2025 statt.<\/h2>\n<\/div><\/div>\n\n\n\n<div class=\"wp-block-columns is-layout-flex wp-container-5 wp-block-columns-is-layout-flex\">\n<div class=\"wp-block-column is-layout-flow wp-block-column-is-layout-flow\" style=\"flex-basis:100%\">\n<figure class=\"wp-block-gallery has-nested-images columns-default is-cropped wp-block-gallery-2 is-layout-flex wp-block-gallery-is-layout-flex\">\n<figure class=\"wp-block-image size-large\"><img decoding=\"async\" loading=\"lazy\" width=\"1024\" height=\"682\" src=\"https:\/\/ttc-straeten.de\/wp-content\/uploads\/2026\/03\/Mini-Meisterschaft-22.11.2025-1024x682.jpeg\" alt=\"\" class=\"wp-image-521\" srcset=\"https:\/\/ttc-straeten.de\/wp-content\/uploads\/2026\/03\/Mini-Meisterschaft-22.11.2025-1024x682.jpeg 1024w, https:\/\/ttc-straeten.de\/wp-content\/uploads\/2026\/03\/Mini-Meisterschaft-22.11.2025-300x200.jpeg 300w, https:\/\/ttc-straeten.de\/wp-content\/uploads\/2026\/03\/Mini-Meisterschaft-22.11.2025-768x512.jpeg 768w, https:\/\/ttc-straeten.de\/wp-content\/uploads\/2026\/03\/Mini-Meisterschaft-22.11.2025-1536x1023.jpeg 1536w, https:\/\/ttc-straeten.de\/wp-content\/uploads\/2026\/03\/Mini-Meisterschaft-22.11.2025.jpeg 1600w\" sizes=\"(max-width: 1024px) 100vw, 1024px\" \/><\/figure>\n<\/figure>\n\n\n\n<p><\/p>\n<\/div>\n<\/div>\n\n\n\n<div class=\"wp-block-columns is-layout-flex wp-container-9 wp-block-columns-is-layout-flex\">\n<div class=\"wp-block-column is-layout-flow wp-block-column-is-layout-flow\" style=\"flex-basis:100%\">\n<figure class=\"wp-block-gallery has-nested-images columns-default is-cropped wp-block-gallery-6 is-layout-flex wp-block-gallery-is-layout-flex\">\n<figure class=\"wp-block-image size-large\"><img decoding=\"async\" loading=\"lazy\" width=\"1024\" height=\"683\" src=\"https:\/\/ttc-straeten.de\/wp-content\/uploads\/2026\/03\/WhatsApp-Image-2026-02-02-at-10.33.33-1-1024x683.jpeg\" alt=\"\" class=\"wp-image-524\" srcset=\"https:\/\/ttc-straeten.de\/wp-content\/uploads\/2026\/03\/WhatsApp-Image-2026-02-02-at-10.33.33-1-1024x683.jpeg 1024w, https:\/\/ttc-straeten.de\/wp-content\/uploads\/2026\/03\/WhatsApp-Image-2026-02-02-at-10.33.33-1-300x200.jpeg 300w, https:\/\/ttc-straeten.de\/wp-content\/uploads\/2026\/03\/WhatsApp-Image-2026-02-02-at-10.33.33-1-768x512.jpeg 768w, https:\/\/ttc-straeten.de\/wp-content\/uploads\/2026\/03\/WhatsApp-Image-2026-02-02-at-10.33.33-1.jpeg 1255w\" sizes=\"(max-width: 1024px) 100vw, 1024px\" \/><\/figure>\n\n\n\n<figure class=\"wp-block-image size-large\"><img decoding=\"async\" loading=\"lazy\" width=\"1024\" height=\"682\" src=\"https:\/\/ttc-straeten.de\/wp-content\/uploads\/2026\/03\/WhatsApp-Image-2026-02-02-at-10.33.34-1024x682.jpeg\" alt=\"\" class=\"wp-image-526\" srcset=\"https:\/\/ttc-straeten.de\/wp-content\/uploads\/2026\/03\/WhatsApp-Image-2026-02-02-at-10.33.34-1024x682.jpeg 1024w, https:\/\/ttc-straeten.de\/wp-content\/uploads\/2026\/03\/WhatsApp-Image-2026-02-02-at-10.33.34-300x200.jpeg 300w, https:\/\/ttc-straeten.de\/wp-content\/uploads\/2026\/03\/WhatsApp-Image-2026-02-02-at-10.33.34-768x512.jpeg 768w, https:\/\/ttc-straeten.de\/wp-content\/uploads\/2026\/03\/WhatsApp-Image-2026-02-02-at-10.33.34-1536x1024.jpeg 1536w, https:\/\/ttc-straeten.de\/wp-content\/uploads\/2026\/03\/WhatsApp-Image-2026-02-02-at-10.33.34.jpeg 1538w\" sizes=\"(max-width: 1024px) 100vw, 1024px\" \/><\/figure>\n\n\n\n<figure class=\"wp-block-image size-large\"><img decoding=\"async\" loading=\"lazy\" width=\"1024\" height=\"682\" src=\"https:\/\/ttc-straeten.de\/wp-content\/uploads\/2026\/03\/WhatsApp-Image-2026-02-02-at-10.33.35-3-1024x682.jpeg\" alt=\"\" class=\"wp-image-525\" srcset=\"https:\/\/ttc-straeten.de\/wp-content\/uploads\/2026\/03\/WhatsApp-Image-2026-02-02-at-10.33.35-3-1024x682.jpeg 1024w, https:\/\/ttc-straeten.de\/wp-content\/uploads\/2026\/03\/WhatsApp-Image-2026-02-02-at-10.33.35-3-300x200.jpeg 300w, https:\/\/ttc-straeten.de\/wp-content\/uploads\/2026\/03\/WhatsApp-Image-2026-02-02-at-10.33.35-3-768x512.jpeg 768w, https:\/\/ttc-straeten.de\/wp-content\/uploads\/2026\/03\/WhatsApp-Image-2026-02-02-at-10.33.35-3-1536x1023.jpeg 1536w, https:\/\/ttc-straeten.de\/wp-content\/uploads\/2026\/03\/WhatsApp-Image-2026-02-02-at-10.33.35-3.jpeg 1600w\" sizes=\"(max-width: 1024px) 100vw, 1024px\" \/><\/figure>\n\n\n\n<figure class=\"wp-block-image size-large\"><img decoding=\"async\" loading=\"lazy\" width=\"1024\" height=\"682\" src=\"https:\/\/ttc-straeten.de\/wp-content\/uploads\/2026\/03\/WhatsApp-Image-2026-02-02-at-10.33.36-1-1024x682.jpeg\" alt=\"\" class=\"wp-image-527\" srcset=\"https:\/\/ttc-straeten.de\/wp-content\/uploads\/2026\/03\/WhatsApp-Image-2026-02-02-at-10.33.36-1-1024x682.jpeg 1024w, https:\/\/ttc-straeten.de\/wp-content\/uploads\/2026\/03\/WhatsApp-Image-2026-02-02-at-10.33.36-1-300x200.jpeg 300w, https:\/\/ttc-straeten.de\/wp-content\/uploads\/2026\/03\/WhatsApp-Image-2026-02-02-at-10.33.36-1-768x512.jpeg 768w, https:\/\/ttc-straeten.de\/wp-content\/uploads\/2026\/03\/WhatsApp-Image-2026-02-02-at-10.33.36-1.jpeg 1475w\" sizes=\"(max-width: 1024px) 100vw, 1024px\" \/><\/figure>\n\n\n\n<figure class=\"wp-block-image size-large\"><img decoding=\"async\" loading=\"lazy\" width=\"1024\" height=\"683\" src=\"https:\/\/ttc-straeten.de\/wp-content\/uploads\/2026\/03\/WhatsApp-Image-2026-02-02-at-10.33.38-2-1024x683.jpeg\" alt=\"\" class=\"wp-image-528\" srcset=\"https:\/\/ttc-straeten.de\/wp-content\/uploads\/2026\/03\/WhatsApp-Image-2026-02-02-at-10.33.38-2-1024x683.jpeg 1024w, https:\/\/ttc-straeten.de\/wp-content\/uploads\/2026\/03\/WhatsApp-Image-2026-02-02-at-10.33.38-2-300x200.jpeg 300w, https:\/\/ttc-straeten.de\/wp-content\/uploads\/2026\/03\/WhatsApp-Image-2026-02-02-at-10.33.38-2-768x512.jpeg 768w, https:\/\/ttc-straeten.de\/wp-content\/uploads\/2026\/03\/WhatsApp-Image-2026-02-02-at-10.33.38-2-1536x1024.jpeg 1536w, https:\/\/ttc-straeten.de\/wp-content\/uploads\/2026\/03\/WhatsApp-Image-2026-02-02-at-10.33.38-2.jpeg 1776w\" sizes=\"(max-width: 1024px) 100vw, 1024px\" \/><\/figure>\n\n\n\n<figure class=\"wp-block-image size-large\"><img decoding=\"async\" loading=\"lazy\" width=\"1024\" height=\"683\" src=\"https:\/\/ttc-straeten.de\/wp-content\/uploads\/2026\/03\/WhatsApp-Image-2026-02-02-at-10.33.46-5-1024x683.jpeg\" alt=\"\" class=\"wp-image-531\" srcset=\"https:\/\/ttc-straeten.de\/wp-content\/uploads\/2026\/03\/WhatsApp-Image-2026-02-02-at-10.33.46-5-1024x683.jpeg 1024w, https:\/\/ttc-straeten.de\/wp-content\/uploads\/2026\/03\/WhatsApp-Image-2026-02-02-at-10.33.46-5-300x200.jpeg 300w, https:\/\/ttc-straeten.de\/wp-content\/uploads\/2026\/03\/WhatsApp-Image-2026-02-02-at-10.33.46-5-768x512.jpeg 768w, https:\/\/ttc-straeten.de\/wp-content\/uploads\/2026\/03\/WhatsApp-Image-2026-02-02-at-10.33.46-5-1536x1024.jpeg 1536w, https:\/\/ttc-straeten.de\/wp-content\/uploads\/2026\/03\/WhatsApp-Image-2026-02-02-at-10.33.46-5.jpeg 1776w\" sizes=\"(max-width: 1024px) 100vw, 1024px\" \/><\/figure>\n\n\n\n<figure class=\"wp-block-image size-large\"><img decoding=\"async\" loading=\"lazy\" width=\"1024\" height=\"683\" src=\"https:\/\/ttc-straeten.de\/wp-content\/uploads\/2026\/03\/WhatsApp-Image-2026-02-02-at-10.33.47-3-1024x683.jpeg\" alt=\"\" class=\"wp-image-529\" srcset=\"https:\/\/ttc-straeten.de\/wp-content\/uploads\/2026\/03\/WhatsApp-Image-2026-02-02-at-10.33.47-3-1024x683.jpeg 1024w, https:\/\/ttc-straeten.de\/wp-content\/uploads\/2026\/03\/WhatsApp-Image-2026-02-02-at-10.33.47-3-300x200.jpeg 300w, https:\/\/ttc-straeten.de\/wp-content\/uploads\/2026\/03\/WhatsApp-Image-2026-02-02-at-10.33.47-3-768x512.jpeg 768w, https:\/\/ttc-straeten.de\/wp-content\/uploads\/2026\/03\/WhatsApp-Image-2026-02-02-at-10.33.47-3-1536x1024.jpeg 1536w, https:\/\/ttc-straeten.de\/wp-content\/uploads\/2026\/03\/WhatsApp-Image-2026-02-02-at-10.33.47-3.jpeg 1776w\" sizes=\"(max-width: 1024px) 100vw, 1024px\" \/><\/figure>\n\n\n\n<figure class=\"wp-block-image size-large\"><img decoding=\"async\" loading=\"lazy\" width=\"1024\" height=\"683\" src=\"https:\/\/ttc-straeten.de\/wp-content\/uploads\/2026\/03\/WhatsApp-Image-2026-02-02-at-10.33.47-7-1024x683.jpeg\" alt=\"\" class=\"wp-image-530\" srcset=\"https:\/\/ttc-straeten.de\/wp-content\/uploads\/2026\/03\/WhatsApp-Image-2026-02-02-at-10.33.47-7-1024x683.jpeg 1024w, https:\/\/ttc-straeten.de\/wp-content\/uploads\/2026\/03\/WhatsApp-Image-2026-02-02-at-10.33.47-7-300x200.jpeg 300w, https:\/\/ttc-straeten.de\/wp-content\/uploads\/2026\/03\/WhatsApp-Image-2026-02-02-at-10.33.47-7-768x512.jpeg 768w, https:\/\/ttc-straeten.de\/wp-content\/uploads\/2026\/03\/WhatsApp-Image-2026-02-02-at-10.33.47-7-1536x1024.jpeg 1536w, https:\/\/ttc-straeten.de\/wp-content\/uploads\/2026\/03\/WhatsApp-Image-2026-02-02-at-10.33.47-7.jpeg 1776w\" sizes=\"(max-width: 1024px) 100vw, 1024px\" \/><\/figure>\n\n\n\n<figure class=\"wp-block-image size-large\"><img decoding=\"async\" loading=\"lazy\" width=\"1024\" height=\"683\" src=\"https:\/\/ttc-straeten.de\/wp-content\/uploads\/2026\/03\/WhatsApp-Image-2026-02-02-at-10.33.48-4-1024x683.jpeg\" alt=\"\" class=\"wp-image-532\" srcset=\"https:\/\/ttc-straeten.de\/wp-content\/uploads\/2026\/03\/WhatsApp-Image-2026-02-02-at-10.33.48-4-1024x683.jpeg 1024w, https:\/\/ttc-straeten.de\/wp-content\/uploads\/2026\/03\/WhatsApp-Image-2026-02-02-at-10.33.48-4-300x200.jpeg 300w, https:\/\/ttc-straeten.de\/wp-content\/uploads\/2026\/03\/WhatsApp-Image-2026-02-02-at-10.33.48-4-768x512.jpeg 768w, https:\/\/ttc-straeten.de\/wp-content\/uploads\/2026\/03\/WhatsApp-Image-2026-02-02-at-10.33.48-4-1536x1024.jpeg 1536w, https:\/\/ttc-straeten.de\/wp-content\/uploads\/2026\/03\/WhatsApp-Image-2026-02-02-at-10.33.48-4.jpeg 1776w\" sizes=\"(max-width: 1024px) 100vw, 1024px\" \/><\/figure>\n\n\n\n<figure class=\"wp-block-image size-large\"><img decoding=\"async\" loading=\"lazy\" width=\"1024\" height=\"683\" src=\"https:\/\/ttc-straeten.de\/wp-content\/uploads\/2026\/03\/WhatsApp-Image-2026-02-02-at-10.33.42-2-1024x683.jpeg\" alt=\"\" class=\"wp-image-534\" srcset=\"https:\/\/ttc-straeten.de\/wp-content\/uploads\/2026\/03\/WhatsApp-Image-2026-02-02-at-10.33.42-2-1024x683.jpeg 1024w, https:\/\/ttc-straeten.de\/wp-content\/uploads\/2026\/03\/WhatsApp-Image-2026-02-02-at-10.33.42-2-300x200.jpeg 300w, https:\/\/ttc-straeten.de\/wp-content\/uploads\/2026\/03\/WhatsApp-Image-2026-02-02-at-10.33.42-2-768x512.jpeg 768w, https:\/\/ttc-straeten.de\/wp-content\/uploads\/2026\/03\/WhatsApp-Image-2026-02-02-at-10.33.42-2-1536x1024.jpeg 1536w, https:\/\/ttc-straeten.de\/wp-content\/uploads\/2026\/03\/WhatsApp-Image-2026-02-02-at-10.33.42-2.jpeg 1776w\" sizes=\"(max-width: 1024px) 100vw, 1024px\" \/><\/figure>\n\n\n\n<figure class=\"wp-block-image size-large\"><img decoding=\"async\" loading=\"lazy\" width=\"1024\" height=\"683\" src=\"https:\/\/ttc-straeten.de\/wp-content\/uploads\/2026\/03\/WhatsApp-Image-2026-02-02-at-10.33.43-1-1024x683.jpeg\" alt=\"\" class=\"wp-image-535\" srcset=\"https:\/\/ttc-straeten.de\/wp-content\/uploads\/2026\/03\/WhatsApp-Image-2026-02-02-at-10.33.43-1-1024x683.jpeg 1024w, https:\/\/ttc-straeten.de\/wp-content\/uploads\/2026\/03\/WhatsApp-Image-2026-02-02-at-10.33.43-1-300x200.jpeg 300w, https:\/\/ttc-straeten.de\/wp-content\/uploads\/2026\/03\/WhatsApp-Image-2026-02-02-at-10.33.43-1-768x512.jpeg 768w, https:\/\/ttc-straeten.de\/wp-content\/uploads\/2026\/03\/WhatsApp-Image-2026-02-02-at-10.33.43-1-1536x1024.jpeg 1536w, https:\/\/ttc-straeten.de\/wp-content\/uploads\/2026\/03\/WhatsApp-Image-2026-02-02-at-10.33.43-1.jpeg 1776w\" sizes=\"(max-width: 1024px) 100vw, 1024px\" \/><\/figure>\n\n\n\n<figure class=\"wp-block-image size-large\"><img decoding=\"async\" loading=\"lazy\" width=\"1024\" height=\"683\" src=\"https:\/\/ttc-straeten.de\/wp-content\/uploads\/2026\/03\/WhatsApp-Image-2026-02-02-at-10.34.39-2-1024x683.jpeg\" alt=\"\" class=\"wp-image-536\" srcset=\"https:\/\/ttc-straeten.de\/wp-content\/uploads\/2026\/03\/WhatsApp-Image-2026-02-02-at-10.34.39-2-1024x683.jpeg 1024w, https:\/\/ttc-straeten.de\/wp-content\/uploads\/2026\/03\/WhatsApp-Image-2026-02-02-at-10.34.39-2-300x200.jpeg 300w, https:\/\/ttc-straeten.de\/wp-content\/uploads\/2026\/03\/WhatsApp-Image-2026-02-02-at-10.34.39-2-768x512.jpeg 768w, https:\/\/ttc-straeten.de\/wp-content\/uploads\/2026\/03\/WhatsApp-Image-2026-02-02-at-10.34.39-2-1536x1024.jpeg 1536w, https:\/\/ttc-straeten.de\/wp-content\/uploads\/2026\/03\/WhatsApp-Image-2026-02-02-at-10.34.39-2.jpeg 1776w\" sizes=\"(max-width: 1024px) 100vw, 1024px\" \/><\/figure>\n<\/figure>\n<\/div>\n<\/div>\n\n\n\n<h2 class=\"wp-block-heading has-text-align-center has-text-color\" style=\"color:#006dbe\">Herzlich willkommen <strong>auf der Internetseite des TTC Straeten 1974 e. V.<\/strong><\/h2>\n\n\n\n<figure class=\"wp-block-image size-large\"><img decoding=\"async\" loading=\"lazy\" width=\"1024\" height=\"683\" src=\"http:\/\/ttc-straeten.de\/wp-content\/uploads\/2022\/11\/Vereinsfoto-2022-1024x683.jpg\" alt=\"\" class=\"wp-image-242\" srcset=\"https:\/\/ttc-straeten.de\/wp-content\/uploads\/2022\/11\/Vereinsfoto-2022-1024x683.jpg 1024w, https:\/\/ttc-straeten.de\/wp-content\/uploads\/2022\/11\/Vereinsfoto-2022-300x200.jpg 300w, https:\/\/ttc-straeten.de\/wp-content\/uploads\/2022\/11\/Vereinsfoto-2022-768x512.jpg 768w, https:\/\/ttc-straeten.de\/wp-content\/uploads\/2022\/11\/Vereinsfoto-2022-1536x1024.jpg 1536w, https:\/\/ttc-straeten.de\/wp-content\/uploads\/2022\/11\/Vereinsfoto-2022-2048x1365.jpg 2048w\" sizes=\"(max-width: 1024px) 100vw, 1024px\" \/><\/figure>\n\n\n\n<div class=\"wp-block-file alignright\"><a id=\"wp-block-file--media-a3683452-7cf6-4b5d-89c5-bb7ed7b66e32\" href=\"http:\/\/ttc-straeten.de\/wp-content\/uploads\/2022\/08\/Ausschreibung-Tischtennis-Hobbyturnier-2022.pdf\">          <\/a><a href=\"http:\/\/ttc-straeten.de\/wp-content\/uploads\/2022\/08\/Ausschreibung-Tischtennis-Hobbyturnier-2022.pdf\" class=\"wp-block-file__button wp-element-button\" download aria-describedby=\"wp-block-file--media-a3683452-7cf6-4b5d-89c5-bb7ed7b66e32\">Herunterladen<\/a><\/div>\n\n\n\n<p class=\"has-very-light-gray-background-color has-text-color has-background has-medium-font-size\" style=\"color:#000000\"><strong>Training<\/strong><\/p>\n\n\n\n<p class=\"has-text-color has-background has-medium-font-size\" style=\"color:#000000;background-color:#ffffff\">Wir trainieren in der Turnhalle der Grundschule Heinsberg-Straeten an der R\u00f6merstra\u00dfe.<br><br>Unser Jugendtraining findet montags von 17:30 Uhr bis 19:30 Uhr statt. Damen und Herren trainieren montags von 19:30 Uhr bis 22:00 Uhr. In den Ferien gelten eventuell andere Trainingszeiten!<br><br>Zum Mitmachen einfach Hallenturnschuhe (mit heller Sohle), Sportkleidung und &#8211; falls vorhanden &#8211; einen Tischtennisschl\u00e4ger einpacken und vorbeikommen. Bei Bedarf stellen wir einen Schl\u00e4ger zur Verf\u00fcgung.<\/p>\n\n\n\n<div class=\"wp-block-group is-layout-flow wp-block-group-is-layout-flow\"><div class=\"wp-block-group__inner-container\"><\/div><\/div>\n\n\n\n<p class=\"has-very-light-gray-background-color has-text-color has-background has-medium-font-size\" style=\"color:#000000\"><strong>Fragen<\/strong> <strong>und Kontaktaufnahme<\/strong><\/p>\n\n\n\n<p class=\"has-text-color has-background has-medium-font-size\" style=\"color:#000000;background-color:#ffffff\">Bei Fragen wendet Euch gerne jederzeit bei uns! Wie Ihr uns erreicht, erfahrt Ihr <a href=\"http:\/\/ttc-straeten.de\/?page_id=14\"><span style=\"text-decoration: underline;\">hier<\/span><\/a>.<\/p>\n\n\n\n<div class=\"wp-block-spacer\" style=\"height: 30px;\" aria-hidden=\"true\">\u00a0<\/div>\n\n\n\n<p class=\"has-very-light-gray-background-color has-text-color has-background has-medium-font-size\" style=\"color:#000000\"><strong>Mannschaften<\/strong><\/p>\n\n\n\n<p class=\"has-text-color has-background has-medium-font-size\" style=\"color:#000000;background-color:#ffffff\">Unsere Mannschaftsaufstellungen k\u00f6nnen \u00fcber den Men\u00fcpunkt &#8222;<span style=\"text-decoration: underline;\"><a href=\"https:\/\/www.mytischtennis.de\/click-tt\/WTTV\/25--26\/verein\/23722\/TTC_Straeten_1974_e.V.\/mannschaften\" target=\"_blank\" rel=\"noreferrer noopener\">Spielbetrieb<\/a><\/span>&#8220; oder unmittelbar <span style=\"text-decoration: underline;\"><a href=\"https:\/\/wttv.click-tt.de\/cgi-bin\/WebObjects\/nuLigaTTDE.woa\/wa\/leaguePage?championship=Aachen\/Euregio%2025\/26\" data-type=\"link\" data-id=\"https:\/\/wttv.click-tt.de\/cgi-bin\/WebObjects\/nuLigaTTDE.woa\/wa\/leaguePage?championship=Aachen\/Euregio%2025\/26\" target=\"_blank\" rel=\"noreferrer noopener\">hier<\/a><\/span> \u00fcber die Seiten des Westdeutschen Tischtennisverbands abgerufen werden. Dort k\u00f6nnt Ihr auch unsere Ergebnisse abrufen.<\/p>\n\n\n\n<div class=\"wp-block-spacer\" style=\"height: 20px;\" aria-hidden=\"true\">\u00a0<\/div>\n\n\n\n<hr class=\"wp-block-separator has-css-opacity is-style-wide\"\/>\n\n\n\n<div class=\"wp-block-spacer\" style=\"height: 30px;\" aria-hidden=\"true\">\u00a0<\/div>\n\n\n\n<p class=\"has-very-light-gray-background-color has-text-color has-background has-medium-font-size\" style=\"color:#000000\"><strong>Unterst\u00fctzung<\/strong><\/p>\n\n\n\n<p class=\"has-text-color has-background has-medium-font-size\" style=\"color:#000000;background-color:#ffffff\">F\u00fcr unsere Vereinsarbeit erhalten wir Unterst\u00fctzung von verschiedenen Sponsoren. Die Spenden kommen insbesondere unserer Jugendabteilung zugute. Sofern Ihr nicht selbst aktiv bei uns mitwirken m\u00f6chtet oder k\u00f6nnt, w\u00fcrden wir uns auch \u00fcber eine finanzielle Unterst\u00fctzung freuen!<\/p>\n\n\n\n<div class=\"wp-block-group is-layout-flow wp-block-group-is-layout-flow\"><div class=\"wp-block-group__inner-container\"><\/div><\/div>\n\n\n\n<p><\/p>\n","protected":false},"excerpt":{"rendered":"<p>Herzlich willkommen auf der Internetseite des TTC Straeten 1974 e. V. Mini-Meisterschaften &#8211; f\u00fcr Kinder bis 12 Jahre Bei unseren Mini-Meisterschaften im letzten Jahr waren wieder viele begeisterte Kinder am Start. In 2025 fanden die Mini-Meisterschaften am Samstag, den 22. November 2025 statt. Herzlich willkommen auf der Internetseite des TTC Straeten 1974 e. V. Training [&hellip;]<\/p>\n","protected":false},"author":1,"featured_media":0,"parent":0,"menu_order":0,"comment_status":"closed","ping_status":"closed","template":"page-full-width.php","meta":{"footnotes":""},"_links":{"self":[{"href":"https:\/\/ttc-straeten.de\/index.php?rest_route=\/wp\/v2\/pages\/13"}],"collection":[{"href":"https:\/\/ttc-straeten.de\/index.php?rest_route=\/wp\/v2\/pages"}],"about":[{"href":"https:\/\/ttc-straeten.de\/index.php?rest_route=\/wp\/v2\/types\/page"}],"author":[{"embeddable":true,"href":"https:\/\/ttc-straeten.de\/index.php?rest_route=\/wp\/v2\/users\/1"}],"replies":[{"embeddable":true,"href":"https:\/\/ttc-straeten.de\/index.php?rest_route=%2Fwp%2Fv2%2Fcomments&post=13"}],"version-history":[{"count":137,"href":"https:\/\/ttc-straeten.de\/index.php?rest_route=\/wp\/v2\/pages\/13\/revisions"}],"predecessor-version":[{"id":537,"href":"https:\/\/ttc-straeten.de\/index.php?rest_route=\/wp\/v2\/pages\/13\/revisions\/537"}],"wp:attachment":[{"href":"https:\/\/ttc-straeten.de\/index.php?rest_route=%2Fwp%2Fv2%2Fmedia&parent=13"}],"curies":[{"name":"wp","href":"https:\/\/api.w.org\/{rel}","templated":true}]}}